 3482.
2, 1741
What are the prime factors of 841?
29
What are the prime factors of 251?
251
What are the prime factors of 22372?
2, 7, 17, 47
List the prime factors of 4762.
2, 2381
List the prime factors of 100654.
2, 59, 853
What are the prime factors of 797?
797
List the prime factors of 34646.
2, 17, 1019
List the prime factors of 2172.
2, 3, 181
List the prime factors of 112669.
307, 367
What are the prime factors of 57965?
5, 11593
List the prime factors of 1571.
1571
What are the prime factors of 41576?
2, 5197
What are the prime factors of 21?
3, 7
List the prime factors of 3814.
2, 1907
What are the prime factors of 2662?
2, 11
List the prime factors of 1520.
2, 5, 19
List the prime factors of 3583.
3583
List the prime factors of 361.
19
What are the prime factors of 235?
5, 47
What are the prime factors of 2731?
2731
List the prime factors of 2413.
19, 127
What are the prime factors of 9914?
2, 4957
List the prime factors of 24196.
2, 23, 263
What are the prime factors of 958?
2, 479
List the prime factors of 16526.
2, 8263
What are the prime factors of 24437?
7, 3491
List the prime factors of 62988.
2, 3, 29, 181
List the prime factors of 11931.
3, 41, 97
List the prime factors of 1832.
2, 229
What are the prime factors of 1522?
2, 761
List the prime factors of 30998.
2, 11, 1409
What are the prime factors of 17586?
2, 3, 977
What are the prime factors of 45537?
3, 43, 353
What are the prime factors of 1014?
2, 3, 13
List the prime factors of 19442.
2, 9721
List the prime factors of 1300.
2, 5, 13
What are the prime factors of 2591?
2591
What are the prime factors of 71582?
2, 7, 5113
List the prime factors of 1059.
3, 353
What are the prime factors of 9229?
11, 839
List the prime factors of 661.
661
List the prime factors of 2699.
2699
List the prime factors of 31714.
2, 101, 157
What are the prime factors of 103254?
2, 3, 17209
List the prime factors of 922.
2, 461
List the prime factors of 2763.
3, 307
List the prime factors of 143.
11, 13
What are the prime factors of 28139?
19, 1481
What are the prime factors of 1979?
1979
List the prime factors of 4567.
4567
List the prime factors of 985.
5, 197
List the prime factors of 2956.
2, 739
List the prime factors of 6136.
2, 13, 59
List the prime factors of 9700.
2, 5, 97
What are the prime factors of 1056?
2, 3, 11
What are the prime factors of 901?
17, 53
What are the prime factors of 869?
11, 79
What are the prime factors of 1285?
5, 257
List the prime factors of 2322.
2, 3, 43
List the prime factors of 6622.
2, 7, 11, 43
List the prime factors of 39694.
2, 89, 223
List the prime factors of 1842.
2, 3, 307
List the prime factors of 1472.
2, 23
List the prime factors of 143.
11, 13
List the prime factors of 579.
3, 193
What are the prime factors of 138717?
3, 15413
What are the prime factors of 140774?
2, 59, 1193
What are the prime factors of 15168?
2, 3, 79
What are the prime factors of 2173?
41, 53
What are the prime factors of 166749?
3, 11, 31, 163
List the prime factors of 28953.
3, 3217
What are the prime factors of 120069?
3, 4447
What are the prime factors of 58323?
3, 19441
What are the prime factors of 2056?
2, 257
What are the prime factors of 50107?
89, 563
What are the prime factors of 4378?
2, 11, 199
List the prime factors of 742.
2, 7, 53
What are the prime factors of 18669?
3, 7, 127
List the prime factors of 105361.
105361
What are the prime factors of 2264?
2, 283
List the prime factors of 159798.
2, 3, 26633
List the prime factors of 5374.
2, 2687
List the prime factors of 1665.
3, 5, 37
List the prime factors of 38280.
2, 3, 5, 11, 29
List the prime factors of 923.
13, 71
What are the prime factors of 81209?
17, 281
What are the prime factors of 2552?
2, 11, 29
What are the prime factors of 11192?
2, 1399
List the prime factors of 2011.
2011
List the prime factors of 162.
2, 3
What are the prime factors of 51246?
2, 3, 13, 73
What are the prime factors of 1377?
3, 17
What are the prime factors of 10171?
7, 1453
List the prime factors of 25713.
3, 2857
What are the prime factors of 23130?
2, 3, 5, 257
List the prime factors of 19622.
2, 9811
List the prime factors of 151425.
3, 5, 673
List the prime factors of 7418.
2, 3709
What are the prime factors of 19482?
2, 3, 17, 191
List the prime factors of 859.
859
List the prime factors of 16538.
2, 8269
List the prime factors of 5234.
2, 2617
What are the prime factors of 3569?
43, 83
List the prime factors of 106574.
2, 13, 4099
What are the prime factors of 15905?
5, 3181
List the prime factors of 3245.
5, 11, 59
List the prime factors of 3858.
2, 3, 643
List the prime factors of 5187.
3, 7, 13, 19
What are the prime factors of 18798?
2, 3, 13, 241
List the prime factors of 101968.
2, 6373
List the prime factors of 957.
3, 11, 29
What are the prime factors of 3616?
2, 113
List the prime factors of 318.
2, 3, 53
List the prime factors of 838.
2, 419
List the prime factors of 743.
743
List the prime factors of 25902.
2, 3, 1439
List the prime factors of 53218.
2, 11, 41, 59
List the prime factors of 26666.
2, 67, 199
What are the prime factors of 10911?
3, 3637
What are the prime factors of 1495?
5, 13, 23
List the prime factors of 18511.
107, 173
List the prime factors of 10271.
10271
List the prime factors of 70836.
2, 3, 5903
What are the prime factors of 782?
2, 17, 23
What are the prime factors of 9603?
3, 11, 97
What are the prime factors of 1565?
5, 313
List the prime factors of 29352.
2, 3, 1223
List the prime factors of 15885.
3, 5, 353
What are the prime factors of 84087?
3, 9343
What are the prime factors of 4126?
2, 2063
What are the prime factors of 26112?
2, 3, 17
What are the prime factors of 1621?
1621
What are the prime factors of 13691?
13691
List the prime factors of 3973.
29, 137
What are the prime factors of 68196?
2, 3, 5683
What are the prime factors of 4472?
2, 13, 43
What are the prime factors of 5928?
2, 3, 13, 19
List the prime factors of 3240.
2, 3, 5
What are the prime factors of 19867?
19867
What are the prime factors of 549?
3, 61
What are the prime factors of 1325?
5, 53
List the prime factors of 18905.
5, 19, 199
List the prime factors of 6193.
11, 563
List the prime factors of 60697.
7, 13, 23, 29
List the prime factors of 1490.
2, 5, 149
What are the prime factors of 6879?
3, 2293
List the prime factors of 44528.
2, 11, 23
List the prime factors of 715.
5, 11, 13
List the prime factors of 2246.
2, 1123
What are the prime factors of 275?
5, 11
What are the prime factors of 193?
193
What are the prime factors of 1457?
31, 47
What are the prime factors of 26735?
5, 5347
List the prime factors of 38130.
2, 3, 5, 31, 41
What are the prime factors of 7346?
2, 3673
What are the prime factors of 7779?
3, 2593
List the prime factors of 28414.
2, 14207
What are the prime factors of 10994?
2, 23, 239
What are the prime factors of 15867?
3, 41, 43
What are the prime factors of 26061?
3, 7, 17, 73
What are the prime factors of 1518?
2, 3, 11, 23
What are the prime factors of 1096?
2, 137
What are the prime factors of 4529?
7, 647
List the prime factors of 38566.
2, 11, 1753
List the prime factors of 4534.
2, 2267
What are the prime factors of 35569?
35569
What are the prime factors of 1537?
29, 53
List the prime factors of 253.
11, 23
List the prime factors of 29960.
2, 5, 7, 107
What are the prime factors of 25802?
2, 7, 19, 97
What are the prime factors of 7131?
3, 2377
List the prime factors of 2620.
2, 5, 131
List the prime factors of 4193.
7, 599
What are the prime factors of 465?
3, 5, 31
What are the prime factors of 1351?
7, 193
What are the prime factors of 2001?
3, 23, 29
What are the prime factors of 288?
2, 3
What are the prime factors of 1459?
1459
List the prime factors of 15902.
2, 7951
List the prime factors of 22581.
3, 13, 193
What are the prime factors of 72527?
7, 13, 797
What are the prime factors of 45613?
45613
What are the prime factors of 27437?
27437
List the prime factors of 74217.
3, 11, 13, 173
What are the prime factors of 1676?
2, 419
List the prime factors of 3222.
2, 3, 179
List the prime factors of 5666.
2, 2833
What are the prime factors of 27423?
3, 11, 277
What are the prime factors of 701?
701
List the prime factors of 238.
2, 7, 17
What are the prime 